{"id":971,"date":"2022-03-23T11:55:29","date_gmt":"2022-03-23T10:55:29","guid":{"rendered":"https:\/\/jubilerzabkowice.pl\/?post_type=product&#038;p=971"},"modified":"2022-03-23T11:55:29","modified_gmt":"2022-03-23T10:55:29","slug":"kolczyki-zlote-grawerowane","status":"publish","type":"product","link":"https:\/\/jubilerzabkowice.pl\/?product=kolczyki-zlote-grawerowane","title":{"rendered":"Kolczyki z\u0142ote grawerowane"},"content":{"rendered":"","protected":false},"excerpt":{"rendered":"<p>Kolczyki z\u0142ote wisz\u0105ce, na zapi\u0119ciu angielskim. Ozdobione delikatnym grawerem  <\/p>\n","protected":false},"featured_media":972,"template":"","meta":[],"product_cat":[35,45],"product_tag":[46,55,50,49,47,56,41,58,54,53,48,57,52,42,43,51,44],"_links":{"self":[{"href":"https:\/\/jubilerzabkowice.pl\/index.php?rest_route=\/wp\/v2\/product\/971"}],"collection":[{"href":"https:\/\/jubilerzabkowice.pl\/index.php?rest_route=\/wp\/v2\/product"}],"about":[{"href":"https:\/\/jubilerzabkowice.pl\/index.php?rest_route=\/wp\/v2\/types\/product"}],"wp:featuredmedia":[{"embeddable":true,"href":"https:\/\/jubilerzabkowice.pl\/index.php?rest_route=\/wp\/v2\/media\/972"}],"wp:attachment":[{"href":"https:\/\/jubilerzabkowice.pl\/index.php?rest_route=%2Fwp%2Fv2%2Fmedia&parent=971"}],"wp:term":[{"taxonomy":"product_cat","embeddable":true,"href":"https:\/\/jubilerzabkowice.pl\/index.php?rest_route=%2Fwp%2Fv2%2Fproduct_cat&post=971"},{"taxonomy":"product_tag","embeddable":true,"href":"https:\/\/jubilerzabkowice.pl\/index.php?rest_route=%2Fwp%2Fv2%2Fproduct_tag&post=971"}],"curies":[{"name":"wp","href":"https:\/\/api.w.org\/{rel}","templated":true}]}}